ue
Is 5939580121 prime?
True
Is 36114091817 a composite number?
True
Is 12586677733 a prime number?
False
Is 39405677783 composite?
True
Is 23444082059 prime?
True
Is 1286900801 a prime number?
False
Is 3339967087 composite?
False
Is 7124905727 composite?
False
Is 12413411789 prime?
True
Is 735121603 a composite number?
False
Is 6243931597 composite?
False
Is 989283041 composite?
False
Is 1455469481 prime?
False
Is 1617095789 prime?
True
Is 856547233 a composite number?
True
Is 113454169 a prime number?
True
Is 1355782513 composite?
True
Is 2409142891 a prime number?
True
Is 121117781 a composite number?
False
Is 2882043863 a composite number?
False
Is 27864611689 a prime number?
True
Is 20503602118 prime?
False
Is 9782648321 composite?
True
Is 1047545243 a composite number?
False
Is 1793340478 prime?
False
Is 100773521 a prime number?
False
Is 101501764621 prime?
False
Is 9961173602 a prime number?
False
Is 8250803989 a composite number?
True
Is 863355917 composite?
False
Is 11078763943 a composite number?
True
Is 8964673323 composite?
True
Is 30741178073 prime?
True
Is 385552799 composite?
False
Is 4400599949 a composite number?
True
Is 839602817 a prime number?
False
Is 875715983 a composite number?
False
Is 92744406149 composite?
False
Is 67000619533 a prime number?
False
Is 6013964513 prime?
True
Is 1609776769 prime?
True
Is 6545655121 a prime number?
False
Is 24768358283 composite?
True
Is 671135557 composite?
True
Is 14199221123 a composite number?
True
Is 56836115549 a composite number?
True
Is 123871739 a composite number?
True
Is 17210454119 a composite number?
False
Is 164456436161 composite?
False
Is 622601827 a composite number?
False
Is 29134556651 composite?
False
Is 2039256473 a composite number?
False
Is 17956395089 composite?
False
Is 38352727726 composite?
True
Is 879787189 prime?
False
Is 35883165049 prime?
True
Is 23414109683 a composite number?
False
Is 98877347 a composite number?
False
Is 700655491 a composite number?
True
Is 992790947 a composite number?
True
Is 17116770817 a composite number?
False
Is 2463222343 prime?
True
Is 1447910797 composite?
True
Is 64146061 composite?
True
Is 3818859095 a prime number?
False
Is 5107293101 a prime number?
False
Is 6957499 composite?
True
Is 3170675173 composite?
True
Is 1079348057 a composite number?
True
Is 1217527765 composite?
True
Is 314419513 a prime number?
False
Is 80419279 composite?
False
Is 10470809803 a composite number?
True
Is 5135098429 a prime number?
True
Is 389031233 composite?
True
Is 2054427341 composite?
False
Is 821360921 composite?
True
Is 22988395427 prime?
True
Is 11315762069 prime?
False
Is 10480160807 prime?
False
Is 25321091833 prime?
True
Is 2337263431 a composite number?
False
Is 473615927 prime?
True
Is 369555493 a prime number?
False
Is 557896607 prime?
False
Is 572020613 prime?
True
Is 1825199119 prime?
True
Is 1038496178 a composite number?
True
Is 335026709 composite?
True
Is 22572863927 a prime number?
True
Is 4182952181 prime?
True
Is 100045381 prime?
False
Is 2977578599 composite?
True
Is 7184318257 composite?
False
Is 4966927309 prime?
False
Is 1040554469 a composite number?
False
Is 6599320067 composite?
True
Is 32787871661 a composite number?
True
Is 1590336929 a composite number?
True
Is 2856890963 composite?
True
Is 112753732001 composite?
False
Is 6424141 a prime number?
True
Is 3870233783 a composite number?
True
Is 285856421 a prime number?
True
Is 5476836767 composite?
False
Is 503445601 a prime number?
False
Is 484569637 composite?
True
Is 8499782383 a prime number?
False
Is 1463010529 prime?
True
Is 10588444987 a composite number?
False
Is 9446123 prime?
False
Is 1242419459 a composite number?
False
Is 5432536749 prime?
False
Is 2623204327 a composite number?
False
Is 3670846321 a composite number?
False
Is 10269268693 a prime number?
False
Is 2632601509 a prime number?
False
Is 723813829 a composite number?
True
Is 10646242213 a composite number?
False
Is 329416697 a composite number?
False
Is 1493252849 a prime number?
False
Is 806623841 a composite number?
False
Is 2917019821 a prime number?
False
Is 137654483 composite?
True
Is 6197142235 a composite number?
True
Is 2379641234 a composite number?
True
Is 2375898859 composite?
True
Is 1199049373 a composite number?
True
Is 87899181691 a composite number?
True
Is 1542409421 prime?
False
Is 389891213 a prime number?
True
Is 63934337 prime?
True
Is 17720350139 a composite number?
False
Is 11108705749 a composite number?
False
Is 1824545773 a prime number?
True
Is 53552167411 composite?
True
Is 10318617341 a prime number?
True
Is 3231045073 a prime number?
True
Is 15959429 composite?
False
Is 13120690643 prime?
True
Is 1215589579 a prime number?
True
Is 3256335029 a prime number?
True
Is 342039521 a prime number?
True
Is 560377697743 a prime number?
False
Is 186785009 prime?
False
Is 74539666 composite?
True
Is 4067614363 prime?
True
Is 251334176539 a prime number?
False
Is 274051033 a composite number?
True
Is 2460587891 composite?
False
Is 158467249 prime?
True
Is 3194429729 prime?
True
Is 381125681 prime?
False
Is 40822729939 a prime number?
False
Is 154088827903 a prime number?
True
Is 5766199739 composite?
True
Is 12440741345 a prime number?
False
Is 2430240419 a prime number?
False
Is 32179640159 prime?
True
Is 877805921 a prime number?
False
Is 2799836647 a prime number?
True
Is 2901678859 prime?
True
Is 111354977 a prime number?
False
Is 471165701 prime?
True
Is 1723480193 composite?
False
Is 13050003023 a composite number?
False
Is 3696826951 a prime number?
False
Is 606025883 prime?
True
Is 2709197 a prime number?
True
Is 40653887 a composite number?
False
Is 2298696263 prime?
False
Is 8428083427 a prime number?
True
Is 112947947 prime?
False
Is 1035501713 composite?
False
Is 308938496341 a prime number?
False
Is 1387790267 composite?
True
Is 1048426633 prime?
False
Is 9009115481 a composite number?
True
Is 201372011 prime?
False
Is 25141778237 prime?
False
Is 9331063741 a composite number?
False
Is 6482453695 a prime number?
False
Is 2248179253 composite?
False
Is 457353097 a composite number?
True
Is 702698321 a prime number?
False
Is 500140163 a prime number?
False
Is 2821240931 a composite number?
False
Is 1114190041 prime?
False
Is 1681382921 prime?
False
Is 1790898017 prime?
True
Is 92922689 composite?
False
Is 1093787677 a composite number?
True
Is 158553911 a prime number?
False
Is 7842282103 prime?
False
Is 2125615819 prime?
True
Is 27141677 prime?
True
Is 2078494213 a prime number?
True
Is 20622616459 composite?
False
Is 171303559727 composite?
False
Is 25777773599 composite?
True
Is 4586381537 a composite number?
False
Is 35269603 a prime number?
False
Is 41670392837 a composite number?
False
Is 8252823193 a composite number?
True
Is 1126719491 a prime number?
True
Is 2533240133 composite?
True
Is 9274395607 a composite number?
False
Is 16676119699 a composite number?
True
Is 411143851 a composite number?
False
Is 7966285441 a prime number?
True
Is 24579118129 prime?
True
Is 2028819173 prime?
True
Is 63582130907 a composite number?
False
Is 5499135019 a composite number?
True
Is 4328244631 composite?
True
Is 103655633061 prime?
False
Is 12818478913 a prime number?
True
Is 4258027031 a prime number?
True
Is 1383445447 a composite number?
False
Is 6574054667 a composite number?
False
Is 281795677 prime?
False
Is 3551183819 a prime number?
False
Is 45880296289 composite?
False
Is 2655372101 composite?
True
Is 1071854902 composite?
True
Is 4672758791 a prime number?
True
Is 51128259319 prime?
True
Is 13892071313 composite?
True
Is 15843324637 a composite number?
True
Is 7722333023 a prime number?
False
Is 21478679657 a prime number?
True
Is 3340287017 prime?
True
Is 275623889 a prime number?
False
Is 37568689751 prime?
False
Is 4248069505 composite?
True
Is 38503695211 prime?
True
Is 29115179209 a prime number?
True
Is 1616292037 a composite number?
True
Is 272801351 a composite number?
False
Is 895087309 a composite number?
True
Is 2641320811 a prime number?
False
Is 852006301 a composite number?
True
Is 233374513 composite?
True
Is 2331054173 composite?
True
Is 2241683281 composite?
True
Is 56146419139 a composite number?
False
Is 650320927 prime?
False
Is 6